{"id":52,"date":"2026-03-18T15:00:02","date_gmt":"2026-03-18T15:00:02","guid":{"rendered":"https:\/\/dryojen.link\/?page_id=52"},"modified":"2026-03-18T15:00:05","modified_gmt":"2026-03-18T15:00:05","slug":"datenschutz-das-versiegelte-gehaeuse-ihrer-daten","status":"publish","type":"page","link":"https:\/\/dryojen.link\/?page_id=52","title":{"rendered":"Datenschutz: Das versiegelte Geh\u00e4use Ihrer Daten"},"content":{"rendered":"\n<p>Bei dryojen behandeln wir Ihre pers\u00f6nlichen Informationen wie das Innenleben einer Chronometer-Hemmung: gesch\u00fctzt vor \u00e4u\u00dferen Einfl\u00fcssen und mit h\u00f6chster Diskretion. Jakob Lindner garantiert die Einhaltung der europ\u00e4ischen DSGVO. Wir erfassen Daten nur dort, wo sie f\u00fcr die technische Abwicklung Ihres Auftrags in D\u00fcrnau unumg\u00e4nglich sind.<\/p>\n\n\n\n<p><strong>Der Weg Ihrer Daten bei dryojen<\/strong><\/p>\n\n\n\n<blockquote class=\"wp-block-quote is-layout-flow wp-block-quote-is-layout-flow\">\n<p>Vertrauen ist die Unruh jeder gesch\u00e4ftlichen Beziehung. Wir sch\u00fctzen Ihre Privatsph\u00e4re mit derselben Akribie, mit der wir eine Spiralfeder justieren.<\/p>\n<\/blockquote>\n\n\n\n<figure class=\"wp-block-table\"><table class=\"has-fixed-layout\"><thead><tr><td><strong>Datenkategorie<\/strong><\/td><td><strong>Verwendungszweck<\/strong><\/td><td><strong>Speicherungsdauer<\/strong><\/td><\/tr><\/thead><tbody><tr><td><strong>Kontaktdaten<\/strong><\/td><td>Abwicklung von Reparaturanfragen<\/td><td>Bis zum Ende der Gew\u00e4hrleistungsfrist<\/td><\/tr><tr><td><strong>Uhr-Metadaten<\/strong><\/td><td>Dokumentation der Servicehistorie<\/td><td>10 Jahre (gesetzliche Archivierung)<\/td><\/tr><tr><td><strong>Zahlungsdaten<\/strong><\/td><td>Buchhalterische Erfassung<\/td><td>Gem\u00e4\u00df \u00f6sterreichischem Steuerrecht<\/td><\/tr><\/tbody><\/table><\/figure>\n\n\n\n<p><strong>Sicherheitsarchitektur<\/strong><\/p>\n\n\n\n<p>Wir nutzen moderne Verschl\u00fcsselungsprotokolle, um Ihre Korrespondenz unter mail@dryojen.link zu sichern. Ihre Daten werden niemals zu Werbezwecken an Dritte ver\u00e4u\u00dfert. Sie haben jederzeit das Recht auf Auskunft, Berichtigung oder L\u00f6schung Ihrer bei uns gespeicherten Informationen. Wenden Sie sich hierzu direkt an Jakob Lindner in der Dr.-Karl-Renner-Stra\u00dfe 6. Sollten Sie Unregelm\u00e4\u00dfigkeiten vermuten, steht Ihnen die Beschwerde bei der \u00f6sterreichischen Datenschutzbeh\u00f6rde offen. Wir bewahren Ihre digitale Identit\u00e4t sicher auf \u2013 Stein f\u00fcr Stein, Lager f\u00fcr Lager.<\/p>\n","protected":false},"excerpt":{"rendered":"<p>Bei dryojen behandeln wir Ihre pers\u00f6nlichen Informationen wie das Innenleben einer Chronometer-Hemmung: gesch\u00fctzt vor \u00e4u\u00dferen Einfl\u00fcssen und mit h\u00f6chster Diskretion. Jakob Lindner garantiert die Einhaltung der europ\u00e4ischen DSGVO. Wir erfassen Daten nur dort, wo sie f\u00fcr die technische Abwicklung Ihres Auftrags in D\u00fcrnau unumg\u00e4nglich sind. Der Weg Ihrer Daten bei dryojen Vertrauen ist die Unruh [&hellip;]<\/p>\n","protected":false},"author":1,"featured_media":0,"parent":0,"menu_order":8,"comment_status":"closed","ping_status":"closed","template":"","meta":{"footnotes":""},"class_list":["post-52","page","type-page","status-publish","hentry"],"_links":{"self":[{"href":"https:\/\/dryojen.link\/index.php?rest_route=\/wp\/v2\/pages\/52","targetHints":{"allow":["GET"]}}],"collection":[{"href":"https:\/\/dryojen.link\/index.php?rest_route=\/wp\/v2\/pages"}],"about":[{"href":"https:\/\/dryojen.link\/index.php?rest_route=\/wp\/v2\/types\/page"}],"author":[{"embeddable":true,"href":"https:\/\/dryojen.link\/index.php?rest_route=\/wp\/v2\/users\/1"}],"replies":[{"embeddable":true,"href":"https:\/\/dryojen.link\/index.php?rest_route=%2Fwp%2Fv2%2Fcomments&post=52"}],"version-history":[{"count":1,"href":"https:\/\/dryojen.link\/index.php?rest_route=\/wp\/v2\/pages\/52\/revisions"}],"predecessor-version":[{"id":53,"href":"https:\/\/dryojen.link\/index.php?rest_route=\/wp\/v2\/pages\/52\/revisions\/53"}],"wp:attachment":[{"href":"https:\/\/dryojen.link\/index.php?rest_route=%2Fwp%2Fv2%2Fmedia&parent=52"}],"curies":[{"name":"wp","href":"https:\/\/api.w.org\/{rel}","templated":true}]}}